 7 + (1 - (-4 - 0))?
4
Evaluate 0 - (4 - (-2 - -6) - 0).
0
-8 - (-1 - -3 - 5)
-5
Evaluate (4 - (2 + 2)) + -4.
-4
What is 10 + (-9 - -5 - 1)?
5
0 + -4 + (29 - 28)
-3
What is the value of (-31 - -28) + (-2 - -1) + 2?
-2
What is -6 + (2 - -1) + 7 + -10?
-6
Calculate -3 + 3 + (2 - -2).
4
2 + 2 - (12 + -13)
5
What is (-1 - 5) + 2 - -10 - 5?
1
4 - -1 - (0 + 17 - 18)
6
What is 13 + -23 + 8 + -2 + 4?
0
Evaluate -3 + (2 - 5 - -6) - 2.
-2
What is the value of (-2 - -3 - -4) + 1 - 8?
-2
4 - (2 - 8 - -14) - -5
1
What is the value of 4 - (6 - (5 - 3))?
0
-11 + 9 - (-13 + 7)
4
What is the value of (-3 + 4 - 1) + -3?
-3
Evaluate -12 - (-11 + 10 + -6).
-5
Evaluate 3 - (-5 - (-4 + 1 - 1)).
4
-5 - ((4 - 3) + -6 - 1)
1
0 - (0 - (-2 - 0 - -3))
1
Calculate (7 + 0 - 1) + (100 - 103).
3
-10 + 8 - (2 + 1)
-5
What is (6 - 6 - 1 - 1) + 8?
6
Calculate 2 + -7 + (-7 - -14) + 9.
11
What is 3 - (6 + 2 + -6)?
1
5 - 10 - (-18 + 8)
5
Calculate -4 + 8 + -2 + 1.
3
Calculate 9 - (2 + -3 + 5).
5
What is the value of -6 + (3 - 2) + -3 + 7?
-1
Evaluate 3 + 2 + -25 + 17.
-3
What is -20 - -19 - (2 - 0)?
-3
What is the value of -13 + 9 + -1 + (-1 - -5)?
-1
What is 5 + (0 - 0) + (-12 - -3)?
-4
What is 2 + 5 + -2 + -2?
3
0 - (2 - (-2 + -6 + 16))
6
5 + (-5 - (3 + -1))
-2
Calculate -10 + 2 + 5 + -2.
-5
Evaluate 2 + -4 + 1 + -2 + 3.
0
What is the value of -4 + 1 + -3 + 2?
-4
(11 + -21 - -8) + 4
2
-6 + 4 - (7 - (-4 - -17))
4
What is the value of -6 + -1 + -4 + 12?
1
What is (-6 - -6) + 2 + -7?
-5
Evaluate 0 + 6 + -3 + 1.
4
Evaluate (1 - -1) + 1 + -2 + -3.
-2
Calculate (-13 + 2 - -7) + 13.
9
Calculate -1 + (0 - 3) + (49 - 45).
0
Calculate -6 + (2 - (-11 - -5)) + -6.
-4
Calculate 8 - (-5 - (-2 + -6)).
5
-6 - (2 + -19 - -9)
2
Calculate -18 + (-4 - -18 - 0).
-4
(13 - 9) + (2 - 4)
2
Calculate (10 - 4) + 7 + -1 + -8.
4
Calculate -7 + 0 + 14 + -10.
-3
What is the value of (2 - 4) + 6 - 2?
2
Calculate -3 + 14 + -3 + -4 - -1.
5
Calculate 2 - 2 - (3 - (0 - -1)).
-2
Evaluate (10 - (3 + 4)) + 0.
3
What is -3 - 1 - (3 - 6)?
-1
Calculate 4 + -2 + 4 - (4 + -1).
3
Calculate 4 - (0 + -3 + -1 + 3).
5
What is the value of 6 + (-2 - 3) + 2?
3
Evaluate -3 - (7 - (4 - 1) - 3).
-4
Evaluate 3 + 3 + -12 + 3.
-3
Evaluate 1 - -1 - (5 - 8) - 8.
-3
Evaluate (-3 - 1) + (3 - 2).
-3
What is 5 - (8 + -1 + -5)?
3
(7 - 2) + -12 + 1
-6
What is the value of 1 - (-5 - -5) - 1?
0
Calculate (2 - (-5 + 1)) + 1 + -3.
4
0 - 5 - ((11 - 31) + 4)
11
-10 - (-4 + -10 + 8)
-4
-4 - (4 - ((4 - -2) + 1))
-1
Calculate -3 + (-2 - -6 - 4) + -2.
-5
Calculate (25 - 29) + -5 + 4.
-5
What is -5 - (3 + -3 + -2 + 1)?
-4
Evaluate 4 - -2 - 3 - 3.
0
What is 6 + -22 + 21 + -1 + -2?
2
Calculate -1 - (0 + 5 + -1).
-5
5 + (1 - 15) + 7
-2
What is 2 - 1 - (8 - 10 - -2)?
1
What is the value of 6 + -5 + (1 - 2)?
0
Evaluate 0 + -2 + 8 - (30 - 17).
-7
What is the value of -3 + 7 + -4 + 2 - 0?
2
-339 + 346 - ((0 - -1) + 1)
5
What is the value of -3 + 4 + (-18 - -21)?
4
What is the value of 1 + 2 + -5 + (-2 - -9)?
5
What is 1 - (1 - (-6 + 13 - 6))?
1
Calculate -10 - -1 - (-4 + 0).
-5
What is the value of (0 - -3) + -3 + 3 + -4?
-1
-11 + 6 + (-5 - -14) + -3
1
What is the value of 5 + -6 + (-2 - -1)?
-2
Evaluate 1 + (5 - 4) + -3 + 1.
0
What is (1 - (7 - 4)) + -2 - -3?
-1
Calculate 11 - 1 - (20 + -1).
-9
What is 7 - (-4 - (3 - 6 - 3))?
5
What is (2 - 0) + (2 - (17 + -7))?
-6
What is the value of (-4 - 2) + -3 + 3 + 10?
4
What is 1 + 5 - (25 + -14) - -1?
-4
Evaluate 0 + (2 - 3 - -1) + -3.
-3
Evaluate 7 + -11 + 2 + 7 + -3.
2
(-10 - -11) + (4 - (1 + 0))
4
What is the value of 1 + -2 + 2 - (5 + -1)?
-3
Calculate -1 - (-3 - 2 - -1).
3
Calculate 14 + -7 + -13 + (-2 - 0).
-8
-3 + (7 + -6 - -5)
3
Calculate -6 + (-1 - (-1 - 6)).
0
Calculate -4 + 3 + -5 - 0 - -3.
-3
(-3 - (2 - 4)) + 5
4
Evaluate -4 + 2 - (15 - 21).
4
Calculate 7 + 2 + -9 + 4.
4
3 - ((1 - -4) + 2 + 0)
-4
(-15 + 6 - -2) + 6
-1
-11 - ((1 - 4) + -3) - -11
6
Calculate -4 - (-8 + 1) - (5 - 2).
0
What is (4 - (13 + 1)) + 5 + 4?
-1
(-10 + 5 - -12) + -9
-2
Evaluate (-8 - -5) + -3 + 2.
-4
What is -1 + (-4 + -4 - -4) + 7?
2
Evaluate -2 + 4 + 2 + -1.
3
Calculate -7 - (-5 + (-4 - (-1 - -3))).
4
What is 7 - (-2 + 8) - 2?
-1
What is the value of -3 + -1 + 3 + 0?
-1
Evaluate -4 + (0 - (1 - 0)).
-5
-2 - (0 + 7 + -10)
1
What is the value of -1 - (-6 - -8 - 9)?
6
Evaluate -1 - ((5 - 3) + -1).
-2
Calculate (-3 - -2) + 3 + -4.
-2
Calculate -1 + (-5 - 1) - -7.
0
What is the value of -3 + 2 + (-2 - -6)?
3
13 + -9 + -1 + 1
4
Evaluate -5 - (-7 + -2 + 8).
-4
Evaluate (-1 - -3) + -10 + 7.
-1
What is -5 - 1 - (-29 - -19)?
4
What is 4 + -7 + (1 - -1) - 7?
-8
What is the value of (13 + -10 - (0 + 2)) + 0?
1
What is the value of -12 - (7 + -8) - -18?
7
Calculate -251 + 247 + 0 + -1.
-5
What is 2 - 9 - (-103 + 105)?
-9
-7 - (1 + -5 - 7)
4
-7 + 0 - 2 - (135 - 137)
-7
What is (-49 - -47) + (1 - -1) + -5?
-5
-2 + 1 + (32 - 33)
-2
Evaluate -3 - ((1 - 3) + (-6 - -1)).
4
What is (7 - 0) + -8 + -3 + 7?
3
4 + 2 + -36 + 32 + 3
5
What is -25 + 18 - (0 - (-1 - -2))?
-6
What is the value of 3 - 7 - -4 - -5?
5
What is the value of 8 + -1 - (-23 + 29)?
1
Evaluate (7 - 1) + -2 + -3 + -8.
-7
What is the value of 3 + -1 + 1 + -2 + 4?
5
Calculate 11 + (-18 - (2 - 0)).
-9
-2 - (11 + -25 + 5)
7
Calculate 1 - -6 - (0 - (-11 + 5)).
1
Evaluate -31 - -24 - (2 + (-12 - -1)).
2
-2 - ((1 - -2) + -4 - 1)
0
What is the value of 9 + 3 + -7 + -6 + 6?
5
What is the value of (2 + -17 - -2) + 4 - -5?
-4
Evaluate (-1 - -1) + -8 + (-3 - -10).
-1
Evaluate -2 + -10 - (30 + -35).
-7
(-2 + -7 - -13) + -7
-3
Calculate (-12 - -7 - -5) + -3.
-3
Calculate -1 + 4 + -2 - (7 + -5).
-1
Evaluate 3 - 0 - (-6 - -3) - 3.
3
What is the value of -13 + (-6 - -15 - 1)?
-5
What is 4 - (3 - (0 - 0)) - 3?
-2
What is the value of (-4 - -5 - -2) + -2?
1
Evaluate -5 + (-2 - (-3 + (-7 - -4))).
-1
What is the value of (25 + 0 - 14) + -14?
-3
What is the value of (2 - -5) + (-5 - (-2 - 1))?
5
What is 4 - (-4 - (-3 - 1) - -2)?
2
Evaluate (-5 - (-6 - -5)) + -1 + 10.
5
Evaluate -5 + 5 - (-2 + -2 + 2).
2
-9 + 0 - (-1 + 1 - -1)
-10
5 + 2 + 6 + -11
2
-9 - (-7 + (-7 - 3))
8
What is the value of (-3 - -7) + (-3 - (-2 + 3))?
0
What is (6 - -1) + -41 + 21 + 22?
9
What is the value of (-1 - (3 + -9)) + 1 + -1?
5
(-3 - -1) + 1 - (-7 - -3)
3
What is the value of 3 + (-4 - ((3 - 1) + -3))?
0
Calculate -28 + 24 - (-9 + 2).
3
What is 0 + (-1 - -3) - -2?
4
Evaluate -11 - (-4 - (0 - -2)).
-5
What is 9 - (7 - (-6 - -6))?
2
What is -4 - 5 - (12 + -7 - 11)?
-3
What is the value of 1 + 2 + (1 - (2 - 0))?
2
-4 + 0 + 2 + 2 + -1
-1
What is (6 + 0 + -2 - 5) + -2?
-3
Calculate 5 - (-1 + 2 - (-1 + 7)).
10
-4 + (6 - (5 - (8 + -15)))
-10
Evaluate (-2 - -6) + -5 - -8.
7
Calculate -9 - (-8 - (-3 + 9)).
5
9 + (0 - -1) - 5
5
What is -11 + 15 + -6 + -1?
-3
Calculate (2 - -2) + -8 + (-5 - -12).
3
Calculate 2 + 4 - (0 - -2).
4
What is the value of -2 + (-5 - -2 - (-5 - 0))?
0
Evaluate 4 + 5 + -4 + 0.
5
What is the value of -4 + -6 + 14 + -1 + -1?
2
Calculate (-3 - 1) + -6 + 6.
-4
What is 2 + (-3 - 2) + 3 - -1?
1
Evaluate 1 - (-1 + 1) - (3 - -2).
-4
0 + 7 - (-2 - (1 + -5))
5
Evaluate -14 + 3 + 12 + 0 + 2.
3
Calculate 0 - (6 + -6 + 3) - -1.
-2
What is 13 - 16 - (-1 - (4 - 0))?
2
What is (0 - 3) + (5 - 1)?
1
Evaluate (0 - -8) + (15 - 21).
2
Evaluate (-7 - (4 - 9)) + -4.
-6
Calculate -5 + -4 + 6 + 10.
7
What is the value of (3 + -1 - -2) + -5 - -2?
1
What is the value of (-2 + 4 - 7) + -1?
-6
What is 0 + (8 - ((1 - 1) + 6))?
2
Evaluate 8 - 6 - -3 - 12.
-7
What is -8 + (8 - (-4 - -9))?
-5
Calculate (-24 - -23) + (10 - 2) + 0.
7
Evaluate (-98 - -100) + (1 - 4).
-1
0 - (-3 + 4) - 4
-5
1 + -7 - (9 + -8 - 6)
-1
Calculate 2 + 5 + 0 + -4.
3
Evaluate (-1 - (-4 + 1)) + 2 - 5.
-1
Calculate -1 + -1 + 0 + 4.
2
Evaluate 5 + 6 - 6 - 10 - -5.
0
Evaluate -4 + 4 + 0 - -2.
2
What is the value of 54 + -55 + 0 + (-3 - -1)?
-3
Evaluate 7 + (-16 - (-3 - 7)).
1
Calculate 3 + 8 + 1 + -16 + 11.
7
Calculate -1 + -1 + (-164 - -156).
-10
What is (-25 - -13) + (-3 - -13)?
-2
What is (-3 - (-1 + 9 - 18)) + -2?
5
What is the value of -1 - -2 - (24 - 25)?
2
-2 - (-11 - -5) - -1
5
Calculate 17 + -30 + 5 + 3.
-5
-1 + 0 + (-2 - (-2 + 4))
-5
What is the value of -65 + 61 + (5 - 0)?
1
Calculate -5 - (2 + -3 + 1) - 3.
-8
-3 - (3 - (-4 - -6) - 9)
5
What is 0 + (2 - (-2 - -6 - 7))?